ue
Is 268537 composite?
False
Is 86266 prime?
False
Is 1777 a prime number?
True
Is 48647 a prime number?
True
Is 24281 a composite number?
False
Is 3979 a composite number?
True
Is 119519 prime?
False
Is 6009 a composite number?
True
Is 89971 composite?
True
Is 44579 a composite number?
False
Is 1811 composite?
False
Is 23459 a prime number?
True
Is 379991 composite?
True
Is 1927 a composite number?
True
Is 107519 a composite number?
True
Is 831031 composite?
False
Is 21089 prime?
True
Is 91253 a composite number?
False
Is 123 prime?
False
Is 316471 prime?
True
Is 9041 a prime number?
True
Is 43243 a prime number?
False
Is 607037 composite?
False
Is 877 prime?
True
Is 133159 a prime number?
False
Is 149879 prime?
False
Is 287519 prime?
False
Is 39253 a composite number?
True
Is 257903 composite?
False
Is 439 prime?
True
Is 14569 a composite number?
True
Is 75869 a composite number?
False
Is 4341 composite?
True
Is 3363527 a prime number?
True
Is 2197873 a composite number?
False
Is 3199 prime?
False
Is 7789 a prime number?
True
Is 114299 a prime number?
True
Is 33739 a prime number?
True
Is 7114 composite?
True
Is 6193 composite?
True
Is 7177 a prime number?
True
Is 33869 prime?
False
Is 16411 a composite number?
False
Is 691 prime?
True
Is 11197 a composite number?
False
Is 70541 prime?
False
Is 380933 a prime number?
False
Is 12602 a prime number?
False
Is 417461 a prime number?
False
Is 23979 prime?
False
Is 1537 composite?
True
Is 17519 prime?
True
Is 409642 prime?
False
Is 719083 a composite number?
True
Is 193979 a composite number?
False
Is 563 composite?
False
Is 208589 prime?
True
Is 1274183 composite?
False
Is 7063 composite?
True
Is 746167 prime?
True
Is 59333 a prime number?
True
Is 86453 prime?
True
Is 25031 a composite number?
False
Is 2657 composite?
False
Is 10741 composite?
True
Is 14109 composite?
True
Is 6521 composite?
False
Is 1433503 composite?
False
Is 1793 prime?
False
Is 1945321 composite?
True
Is 527819 a prime number?
True
Is 76343 a composite number?
False
Is 11677 prime?
True
Is 28153 a prime number?
False
Is 289759 a prime number?
True
Is 538709 a prime number?
True
Is 26905 a prime number?
False
Is 3319 a prime number?
True
Is 248441 prime?
True
Is 2749 a composite number?
False
Is 84827 a prime number?
True
Is 487 prime?
True
Is 799091 a prime number?
True
Is 33767 a prime number?
True
Is 395 a composite number?
True
Is 1213721 prime?
True
Is 26977 prime?
False
Is 2897 a composite number?
False
Is 22739 a prime number?
True
Is 161869 prime?
True
Is 31987 prime?
False
Is 33889 a prime number?
True
Is 116153 composite?
True
Is 957781 composite?
True
Is 7411 a composite number?
False
Is 97331 prime?
False
Is 96697 a composite number?
False
Is 160187 a prime number?
False
Is 921731 a composite number?
True
Is 3047 composite?
True
Is 123619 a composite number?
False
Is 22441 prime?
True
Is 67343 prime?
True
Is 528981 composite?
True
Is 671717 a composite number?
False
Is 174443 a prime number?
True
Is 10061 a composite number?
False
Is 102683 prime?
False
Is 3349 a prime number?
False
Is 5129 a composite number?
True
Is 10499 a composite number?
False
Is 17569 a prime number?
True
Is 1556897 prime?
True
Is 42509 composite?
False
Is 3147 a composite number?
True
Is 202799 prime?
True
Is 2333 composite?
False
Is 31 prime?
True
Is 2078641 a composite number?
True
Is 3935 a composite number?
True
Is 89951 a composite number?
True
Is 31469 composite?
False
Is 1071181 a composite number?
False
Is 14285 composite?
True
Is 103559 prime?
False
Is 40289 a composite number?
False
Is 58801 a prime number?
False
Is 211969 composite?
False
Is 3511 a composite number?
False
Is 102761 a prime number?
True
Is 7121 a prime number?
True
Is 11519 a composite number?
False
Is 6029 a composite number?
False
Is 358243 composite?
False
Is 62113 a prime number?
False
Is 1649 prime?
False
Is 5939 prime?
True
Is 438473 composite?
True
Is 906159 prime?
False
Is 140109 a prime number?
False
Is 2777 composite?
False
Is 9029 composite?
False
Is 40483 composite?
False
Is 434683 a prime number?
True
Is 8885 a composite number?
True
Is 79063 a prime number?
True
Is 993 prime?
False
Is 354247 composite?
False
Is 18431 composite?
True
Is 21799 prime?
True
Is 14447 composite?
False
Is 38251 a composite number?
True
Is 43037 a prime number?
True
Is 1140371 prime?
True
Is 4187 a composite number?
True
Is 15107 composite?
False
Is 82833 a composite number?
True
Is 1276127 prime?
False
Is 35729 prime?
True
Is 2521 a composite number?
False
Is 9841 composite?
True
Is 8651 a prime number?
False
Is 9469 composite?
True
Is 167711 a prime number?
True
Is 4493 prime?
True
Is 124847 prime?
True
Is 16311 prime?
False
Is 99551 a prime number?
True
Is 26303 prime?
False
Is 173458 prime?
False
Is 2673887 a composite number?
True
Is 110527 prime?
True
Is 1044071 a prime number?
False
Is 688223 prime?
True
Is 8999 composite?
False
Is 9533 prime?
True
Is 479 a prime number?
True
Is 43235 a composite number?
True
Is 48179 prime?
True
Is 30341 a composite number?
False
Is 318781 a prime number?
True
Is 570217 composite?
False
Is 177955 a composite number?
True
Is 2183 composite?
True
Is 25523 a composite number?
False
Is 12394 a prime number?
False
Is 157499 a composite number?
True
Is 4871 a prime number?
True
Is 64723 a prime number?
False
Is 257947 prime?
True
Is 26735 a composite number?
True
Is 21059 a prime number?
True
Is 23487 a composite number?
True
Is 671017 a composite number?
False
Is 43271 a prime number?
True
Is 170669 composite?
False
Is 216271 prime?
False
Is 12003 a composite number?
True
Is 336757 prime?
True
Is 225089 a prime number?
True
Is 227119 prime?
False
Is 104623 a composite number?
False
Is 79531 prime?
True
Is 17153 composite?
True
Is 318229 a prime number?
True
Is 28343 a composite number?
True
Is 236378 composite?
True
Is 1393567 composite?
True
Is 1400345 a composite number?
True
Is 13963 prime?
True
Is 44017 a composite number?
False
Is 1837 composite?
True
Is 74829 composite?
True
Is 35885 composite?
True
Is 3359 a composite number?
False
Is 167381 a composite number?
False
Is 57755 composite?
True
Is 5333 composite?
False
Is 169887 composite?
True
Is 127097 composite?
True
Is 47935 prime?
False
Is 776255 a composite number?
True
Is 14143 composite?
False
Is 38914 a composite number?
True
Is 125969 prime?
False
Is 1949 a composite number?
False
Is 664357 a prime number?
True
Is 457757 a composite number?
False
Is 845171 prime?
False
Is 610409 prime?
True
Is 51893 a composite number?
False
Is 6353 prime?
True
Is 381977 a prime number?
True
Is 10007 composite?
False
Is 121585 prime?
False
Is 33095 prime?
False
Is 1213 a composite number?
False
Is 2459 a composite number?
False
Is 10691 prime?
True
Is 446546 composite?
True
Is 5541 composite?
True
Is 24029 composite?
False
Is 371 a composite number?
True
Is 50581 composite?
False
Is 14779 a prime number?
True
Is 219631 prime?
False
Is 26 a composite number?
True
Is 907377 a composite number?
True
Is 306667 composite?
True
Is 55967 a prime number?
True
Is 7445 a composite number?
True
Is 95909 a prime number?
False
Is 67927 a composite number?
False
Is 8809 composite?
True
Is 1657 a prime number?
True
Is 4727939 a composite number?
False
Is 11113 composite?
False
Is 1003 a composite number?
True
Is 8561 a prime number?
False
Is 737657 a prime number?
True
Is 972847 composite?
False
Is 2761 composite?
True
Is 83338 a prime number?
False
Is 878947 a prime number?
False
Is 4327 composite?
False
Is 514343 composite?
False
Is 25667 a composite number?
False
Is 3973 composite?
True
Is 188633 a prime number?
True
Is 2153 prime?
True
Is 733357 a composite number?
True
Is 90311 a composite number?
True
Is 8471 prime?
False
Is 503039 composite?
False
Is 17291 prime?
True
Is 138337 prime?
True
Is 17023 composite?
True
Is 20777 prime?
False
Is 881878 a composite number?
True
Is 102743 prime?
False
Is 114259 composite?
False
Is 545747 prime?
True
Is 32105 a prime number?
False
Is 66137 composite?
False
Is 17519 a composite number?
False
Is 66721 a composite number?
False
Is 5519 prime?
True
Is 19517 composite?
True
Is 493229 a prime number?
False
Is 127973 a composite number?
False
Is 7349 a prime n